 Does 108 divide u?
False
Let h be 263 + -1*(6 - 3). Suppose -23*b + 19*b + h = 0. Is 13 a factor of b?
True
Let j = 111 + -90. Does 14 divide j?
False
Let i(w) = 60*w + 26. Let s be i(7). Suppose -s = -8*f + 778. Does 9 divide f?
True
Let k be 9 - -1*(2 - -1). Is (75/(-10))/((k/4)/(-42)) a multiple of 35?
True
Suppose 3*m - 4 = m. Suppose -5*y = -5*p, 3*p = m*y + 3*y - 4. Suppose -y*n = -n - 42. Is 21 a factor of n?
True
Is -1227*40/(-48) + 3/(-6) a multiple of 35?
False
Does 10 divide ((-2)/6)/(24/(-20520))?
False
Let u = -23 - -27. Let g(o) = 7*o**2 + 6*o - 10. Does 19 divide g(u)?
False
Let s = -15 - -15. Suppose 2*n = 2*y - 55 + 19, -3*y + 4*n + 58 = s. Does 2 divide y?
True
Let n be (8/20)/((-2)/(-10)). Let h be (-2 + 3)/(n/10). Suppose 3*o - 9 = -3*p, h = 4*p + 13. Does 2 divide o?
False
Suppose -2*k + 298 = 3*n, -3*k + 15 = -4*n - 466. Suppose 2*s = l - 180 + 21, -l = -s - k. Does 21 divide l?
False
Let z(f) = f + 11. Let s be z(-5). Is (6/(-3))/((-1)/s) a multiple of 3?
True
Let r(p) be the third derivative of 11*p**5/60 - p**4/3 - p**3 - 16*p**2. Does 38 divide r(-3)?
False
Let c = 591 + -484. Does 7 divide c?
False
Suppose -17*q - 4*c - 24024 = -22*q, 4*q - 2*c - 19224 = 0. Is 16 a factor of q?
False
Suppose -26 = -4*u - 18. Suppose 2*j - 220 = -u*o, -3*o + 0*o + 2*j = -305. Does 35 divide o?
True
Suppose -u + 164 = -3*a + 414, 2*a = 4*u + 160. Is a a multiple of 14?
True
Let h = -53 + 71. Suppose 13*x + 120 = h*x. Is x a multiple of 11?
False
Suppose 16 + 0 = -4*i. Suppose 0 = -5*b + h + 19 + 44, -39 = -3*b + h. Let r = b - i. Does 4 divide r?
True
Suppose 55*z - 51*z = -8. Does 3 divide -20*(z - (-8)/10)?
True
Suppose -30*s = -27*s + 6, -12486 = -4*y - 5*s. Is 142 a factor of y?
True
Let a(r) = r**2 + r + 11. Let f be a(0). Let s = f + -8. Let h = s + 3. Is h a multiple of 3?
True
Let z(q) = 4*q**2 - 27*q + 4. Is z(14) a multiple of 41?
True
Let f(a) = -3*a + 7*a - 9 + 0*a**3 + a**3 + 1 - 7*a**2. Is f(7) a multiple of 10?
True
Let y = -28 + 20. Let c be 10 + y - (3 - 0). Does 26 divide 120/18*(5 - c)?
False
Suppose x + 2*x + 9 = -u, 3 = 5*u + 3*x. Suppose h - u*z = 5*h - 19, 0 = 5*z - 5. Suppose -h*a + 6*a = 52. Is a a multiple of 13?
True
Let q = 206 - 146. Is 12 a factor of q?
True
Let m be (6/(-1) - -2) + (-6 - -17). Suppose h = m + 94. Is 6 a factor of h?
False
Let b(z) = -z**2 - 16*z - 7. Let j be b(-5). Suppose -11*i + j = -8*i. Is i a multiple of 2?
True
Let c(g) = -g - 2. Let b be c(1). Does 28 divide (4 - b)/(3/48)?
True
Suppose -2*m + 2*v = -12, 0 = 4*m + 2*v - 5*v - 24. Does 17 divide -26*(0 + (4 - m))?
False
Let f(q) = -q**3 - 4*q**2 - 4*q - 4. Let h be f(-3). Is h - (-1 + 0) - (-113 - 3) a multiple of 18?
False
Is ((-228)/(-855) - 4/(-10))*1188 a multiple of 24?
True
Let m(i) = -i**3 - 2*i**2 - i + 7. Let x be m(0). Let z = -2 + x. Suppose 0 = -z*h + 43 - 8. Does 3 divide h?
False
Suppose x - 1368 = -4*j, 3*j + 0*j = -2*x + 2756. Does 13 divide x?
False
Suppose -5*v - 4*k - 6380 = -9*v, 0 = -2*v + 3*k + 3189. Is 42 a factor of v?
True
Let n = 75 + -118. Let o = n + 63. Is 20 a factor of o?
True
Let n = 1251 + -1073. Does 4 divide n?
False
Let q(c) be the second derivative of -3*c**3/2 - 5*c. Let v be ((-4)/(-4))/(0 + -1). Does 5 divide q(v)?
False
Suppose -b + 2*b - 1096 = 0. Suppose 5*o + 176 = b. Let v = o - 130. Is v a multiple of 13?
False
Let o be ((-2)/(-6))/(5/90). Let t(x) = -x**2 + 19*x + 4. Is 16 a factor of t(o)?
False
Suppose 0*g + 3*g - 3 = 0. Let a be (g - 1) + 480/6. Suppose -3*t + a + 103 = -5*f, 4*t - 227 = f. Is 28 a factor of t?
True
Let s(k) = 3 + 9 - 3 + 2*k. Let h be s(-6). Is (-1 - 1) + 62 + h a multiple of 19?
True
Let o(g) = g**3 + 12*g**2 + 4*g - 10. Let z(q) = -2*q**2 + 3*q - 8. Let n be z(2). Is 30 a factor of o(n)?
True
Suppose -5*j + 270 = -5*v, 2*v - 1 - 3 = 0. Suppose -3*b = -3*a - 156, -b - 12 + j = -5*a. Is 27 a factor of b?
True
Is 48 a factor of 8*(-15837)/(-60) + (-6)/(-15)?
True
Let g = -20 + 14. Let b = g + 8. Suppose 3*n - 2*n + 4*c = 10, 0 = -b*n + 3*c + 9. Does 2 divide n?
True
Let l(q) = -65*q - 1. Does 61 divide l(-2)?
False
Let v(z) = -z**3 - 9*z**2 + 5*z + 4. Suppose 0 = 3*x - 2*s + 10, 5*x + 5*s + 19 = -6. Let w(h) = 5*h + 10. Let n be w(x). Does 13 divide v(n)?
False
Is ((-6)/(-4))/(33/22)*947 a multiple of 51?
False
Suppose 5*t = -1 + 16. Suppose -6*k + 15 = -t*k. Suppose 126 = k*y - 24. Is y a multiple of 5?
True
Let z(c) = 44*c - 17. Let s be z(12). Let h = s + -295. Is h a multiple of 36?
True
Let l be (-9)/21 + (-18549)/(-63). Let k = -204 + l. Suppose 4*x = 7*x - k. Does 15 divide x?
True
Let p(q) be the second derivative of q**4/12 + q**3/6 + 2*q**2 + 2*q. Let j be (-2)/(((-6)/5)/(-3)). Is p(j) a multiple of 6?
True
Let p = 5 - -5. Suppose -p*v + 29 = -9*v. Let c = 48 - v. Is 19 a factor of c?
True
Let h(d) = 12*d**2 - 11*d + 5. Let a be h(5). Suppose -t + 5*o + a = t, t - 114 = -3*o. Does 20 divide t?
True
Suppose 2269 + 3096 = 29*i. Does 31 divide i?
False
Let h(l) = -l**3 + 5*l**2 + 6*l - 13. Does 17 divide h(5)?
True
Suppose -4*u + 20 = 0, -5*u + 10 = -5*s - 0*s. Suppose f = -s*k - 9, 4*k + f + 19 = 2*f. Is 20 a factor of ((-4)/k)/((-2)/(-126))?
False
Let r = 45 - 48. Does 14 divide (r + ((-112)/(-4) - -3))*6?
True
Suppose x - 1153 = -2*s, 0 = 4*s - 5*x - 3499 + 1214. Is s a multiple of 19?
False
Let f = 1668 - 1452. Is f a multiple of 8?
True
Let u(r) = -r - 342. Let b be u(0). Is 13 a factor of b/(-8) + 4/16?
False
Let t be (12*-1)/((-10)/(40/6)). Let p = -26 - -65. Suppose -3*x - t - 73 = -4*w, -w - 3*x + p = 0. Is 12 a factor of w?
True
Let m(h) = 36*h - 24. Is 4 a factor of m(6)?
True
Suppose k + 1723 = 4*o, -3*k + k = 3*o - 1306. Is o a multiple of 9?
True
Let p(n) = 2*n - 4. Let l be p(6). Let s = l - 3. Let g = s + 1. Does 6 divide g?
True
Let z(b) = 3*b**2 - 3*b. Let h be z(2). Suppose 2*g - 4*u = 20, 0*g = g - 4*u - 18. Let f = h - g. Is 3 a factor of f?
False
Suppose 0 = 18*b - 13*b - 2315. Is b a multiple of 12?
False
Suppose b = 5*b - 88. Let q = b - 15. Does 2 divide q?
False
Let x(w) = -w + 8. Let j be x(4). Suppose -2*m + k + 213 = m, -j*k + 12 = 0. Suppose -4*t + m = -0. Is 6 a factor of t?
True
Suppose -d + 13 = 3*c - 0*c, -4*d = -3*c + 8. Suppose 0 = -2*z - 4*y + 62, -c*z - 3 + 106 = y. Is 10 a factor of z?
False
Let x(f) be the third derivative of -f**4/24 + 17*f**2. Let c = -12 - -6. Is x(c) a multiple of 4?
False
Suppose 2 = 2*g - 8. Suppose -4*q = 2*z - z - 21, -5*q - g*z + 30 = 0. Suppose 0 = -q*v - 4*k + 125, 3*k = 5*v - 61 - 29. Is 7 a factor of v?
True
Let j = -231 + 329. Suppose 2*d - j = -k, k = -k - 4. Is 14 a factor of d?
False
Suppose -z = z. Suppose z*u - 3*u + 12 = 0. Suppose 3*v = 3*t - 153, -3*v - 212 + 5 = -u*t. Is t a multiple of 27?
True
Is (2 + -6)/((-1)/54*1) a multiple of 24?
True
Let h be 8/(-6) - 2/3. Let w be (1 + 1)*h/(-4). Does 22 divide w + 21 - (2 + -2)?
True
Let d = 497 - 305. Is d a multiple of 24?
True
Let d(b) = b**3 + 8*b**2 + 8*b + 13. Let p(a) = -a**2 - 1. Let g be p(2). Is d(g) a multiple of 12?
True
Let k be (-18 + 17)/((-1)/5). Suppose k*n - 55 = -2*p, 3*n + 65 = 2*p - 2*n. Does 10 divide p?
True
Let x(b) = -75*b - 50. Let a be x(-9). Suppose -2*w = -a + 49. Is w a multiple of 31?
False
Let m = 128 - 79. Let q = m - 42. Is q a multiple of 7?
True
Let j(i) = -i**2 + 9*i - 14. Let c(z) = -3*z - 24. Let x be c(-10). Let f be j(x). Suppose 4*b + b - l - 285 = 0, 0 = f*l + 20. Is 11 a factor of b?
False
Let i(j) = 6*j - 4. Let g be i(6). Suppose 0 = 4*d + g - 4. Let l = d - -61. Is l a multiple of 18?
True
Let w = 562 + -532. Is w a multiple of 5?
True
Let m(s) = 35*s - 1. Let n(r) = -36*r. Let u(g) = -2*m(g) - 3*n(g). Is u(4) a multiple of 14?
True
Let q be (-226)/(-19) - (-42)/399. Let a be (-7)/(-1 + 2) + 1. Let n = a + q. Is n a multiple of 6?
True
Suppose 2*r + r + 231 = 5*t, -2*t + 108 = 4*r. Is t a multiple of 16?
True
Is ((-114)/15)/((-5)/400) a multiple of 19?
True
Let m(c) = c + 42. Is m(17) a multiple of 59?
True
Let r be (-7)/(56/(-204)) - (-2)/(-4). Let c(s) = -4*s - 6. Let j be c(-6). Let f = r - j. Is 4 a factor of f?
False
Let t(n) = 35*n**2 + 2*n + 1. Let s be t(2). Suppose -3*d + s = 7. Is d a multiple of 25?
False
Let n be (-18)/(-15)*(-40)/12. Let s(a) = -2*a + 4. Is s(n) a multiple